{"id":2856,"date":"2025-06-18T17:23:00","date_gmt":"2025-06-18T17:23:00","guid":{"rendered":"https:\/\/fullpatin.cl\/tienda\/?post_type=product&#038;p=2856"},"modified":"2026-04-07T12:31:41","modified_gmt":"2026-04-07T15:31:41","slug":"pechera-toor-force-plus-asimetrica","status":"publish","type":"product","link":"https:\/\/fullpatin.cl\/tienda\/producto\/pechera-toor-force-plus-asimetrica\/","title":{"rendered":"PECHERA TOOR FORCE PLUS (ASIM\u00c9TRICA)"},"content":{"rendered":"<p>Peto FORCE versi\u00f3n PLUS (+ 2 protecciones adicionales como foto), muy ergon\u00f3mico, flexible, alto nivel de protecci\u00f3n, utilizado por la mayor\u00eda de los porteros profesionales.<\/p>\n<p>En la foto se puede observar que el lado derecho cuenta con 2 protecciones adicionales, TOOR fue la primera marca en diferenciar de esta manera, \u201casim\u00e9trica\u201d, en la que la protecci\u00f3n 1 y 2 protegen el lado derecho del Portero, especialmente importante cuando este est\u00e1 apoyado en el poste de la porter\u00eda.<\/p>\n","protected":false},"excerpt":{"rendered":"<p>Peto FORCE versi\u00f3n PLUS (+ 2 protecciones adicionales como foto), muy ergon\u00f3mico, flexible, alto nivel de protecci\u00f3n, utilizado por la mayor\u00eda de los porteros profesionales. En la foto se puede observar que el lado derecho cuenta con 2 protecciones adicionales, TOOR fue la primera marca en diferenciar de esta manera, \u201casim\u00e9trica\u201d, en la que la&#8230;<\/p>\n","protected":false},"featured_media":2857,"comment_status":"open","ping_status":"closed","template":"","meta":{"_monsterinsights_skip_tracking":false,"_monsterinsights_sitenote_active":false,"_monsterinsights_sitenote_note":"","_monsterinsights_sitenote_category":0},"product_brand":[],"product_cat":[52],"product_tag":[157,119],"class_list":{"0":"post-2856","1":"product","2":"type-product","3":"status-publish","4":"has-post-thumbnail","6":"product_cat-pechera","7":"product_tag-portero","8":"product_tag-toor","9":"pa_talla-junior","10":"pa_talla-senior","12":"first","13":"instock","14":"taxable","15":"shipping-taxable","16":"purchasable","17":"product-type-variable"},"yoast_head":"<!-- This site is optimized with the Yoast SEO plugin v27.4 - https:\/\/yoast.com\/product\/yoast-seo-wordpress\/ -->\n<title>PECHERA TOOR FORCE PLUS (ASIM\u00c9TRICA) - Full Pat\u00edn<\/title>\n<meta name=\"robots\" content=\"index, follow, max-snippet:-1, max-image-preview:large, max-video-preview:-1\" \/>\n<link rel=\"canonical\" href=\"https:\/\/fullpatin.cl\/tienda\/producto\/pechera-toor-force-plus-asimetrica\/\" \/>\n<meta property=\"og:locale\" content=\"es_ES\" \/>\n<meta property=\"og:type\" content=\"article\" \/>\n<meta property=\"og:title\" content=\"PECHERA TOOR FORCE PLUS (ASIM\u00c9TRICA) - Full Pat\u00edn\" \/>\n<meta property=\"og:description\" content=\"Peto FORCE versi\u00f3n PLUS (+ 2 protecciones adicionales como foto), muy ergon\u00f3mico, flexible, alto nivel de protecci\u00f3n, utilizado por la mayor\u00eda de los porteros profesionales. En la foto se puede observar que el lado derecho cuenta con 2 protecciones adicionales, TOOR fue la primera marca en diferenciar de esta manera, \u201casim\u00e9trica\u201d, en la que la...\" \/>\n<meta property=\"og:url\" content=\"https:\/\/fullpatin.cl\/tienda\/producto\/pechera-toor-force-plus-asimetrica\/\" \/>\n<meta property=\"og:site_name\" content=\"Full Pat\u00edn\" \/>\n<meta property=\"article:modified_time\" content=\"2026-04-07T15:31:41+00:00\" \/>\n<meta property=\"og:image\" content=\"https:\/\/fullpatin.cl\/tienda\/wp-content\/uploads\/2025\/06\/Diseno-sin-titulo-151.png\" \/>\n\t<meta property=\"og:image:width\" content=\"500\" \/>\n\t<meta property=\"og:image:height\" content=\"500\" \/>\n\t<meta property=\"og:image:type\" content=\"image\/png\" \/>\n<meta name=\"twitter:card\" content=\"summary_large_image\" \/>\n<meta name=\"twitter:label1\" content=\"Tiempo de lectura\" \/>\n\t<meta name=\"twitter:data1\" content=\"1 minuto\" \/>\n<script type=\"application\/ld+json\" class=\"yoast-schema-graph\">{\"@context\":\"https:\\\/\\\/schema.org\",\"@graph\":[{\"@type\":\"WebPage\",\"@id\":\"https:\\\/\\\/fullpatin.cl\\\/tienda\\\/producto\\\/pechera-toor-force-plus-asimetrica\\\/\",\"url\":\"https:\\\/\\\/fullpatin.cl\\\/tienda\\\/producto\\\/pechera-toor-force-plus-asimetrica\\\/\",\"name\":\"PECHERA TOOR FORCE PLUS (ASIM\u00c9TRICA) - Full Pat\u00edn\",\"isPartOf\":{\"@id\":\"https:\\\/\\\/fullpatin.cl\\\/tienda\\\/#website\"},\"primaryImageOfPage\":{\"@id\":\"https:\\\/\\\/fullpatin.cl\\\/tienda\\\/producto\\\/pechera-toor-force-plus-asimetrica\\\/#primaryimage\"},\"image\":{\"@id\":\"https:\\\/\\\/fullpatin.cl\\\/tienda\\\/producto\\\/pechera-toor-force-plus-asimetrica\\\/#primaryimage\"},\"thumbnailUrl\":\"https:\\\/\\\/fullpatin.cl\\\/tienda\\\/wp-content\\\/uploads\\\/2025\\\/06\\\/Diseno-sin-titulo-151.png\",\"datePublished\":\"2025-06-18T17:23:00+00:00\",\"dateModified\":\"2026-04-07T15:31:41+00:00\",\"breadcrumb\":{\"@id\":\"https:\\\/\\\/fullpatin.cl\\\/tienda\\\/producto\\\/pechera-toor-force-plus-asimetrica\\\/#breadcrumb\"},\"inLanguage\":\"es\",\"potentialAction\":[{\"@type\":\"ReadAction\",\"target\":[\"https:\\\/\\\/fullpatin.cl\\\/tienda\\\/producto\\\/pechera-toor-force-plus-asimetrica\\\/\"]}]},{\"@type\":\"ImageObject\",\"inLanguage\":\"es\",\"@id\":\"https:\\\/\\\/fullpatin.cl\\\/tienda\\\/producto\\\/pechera-toor-force-plus-asimetrica\\\/#primaryimage\",\"url\":\"https:\\\/\\\/fullpatin.cl\\\/tienda\\\/wp-content\\\/uploads\\\/2025\\\/06\\\/Diseno-sin-titulo-151.png\",\"contentUrl\":\"https:\\\/\\\/fullpatin.cl\\\/tienda\\\/wp-content\\\/uploads\\\/2025\\\/06\\\/Diseno-sin-titulo-151.png\",\"width\":500,\"height\":500},{\"@type\":\"BreadcrumbList\",\"@id\":\"https:\\\/\\\/fullpatin.cl\\\/tienda\\\/producto\\\/pechera-toor-force-plus-asimetrica\\\/#breadcrumb\",\"itemListElement\":[{\"@type\":\"ListItem\",\"position\":1,\"name\":\"Portada\",\"item\":\"https:\\\/\\\/fullpatin.cl\\\/tienda\\\/\"},{\"@type\":\"ListItem\",\"position\":2,\"name\":\"Tienda\",\"item\":\"https:\\\/\\\/fullpatin.cl\\\/tienda\\\/tienda\\\/\"},{\"@type\":\"ListItem\",\"position\":3,\"name\":\"PECHERA TOOR FORCE PLUS (ASIM\u00c9TRICA)\"}]},{\"@type\":\"WebSite\",\"@id\":\"https:\\\/\\\/fullpatin.cl\\\/tienda\\\/#website\",\"url\":\"https:\\\/\\\/fullpatin.cl\\\/tienda\\\/\",\"name\":\"FULL PAT\u00cdN\",\"description\":\"Tienda\",\"publisher\":{\"@id\":\"https:\\\/\\\/fullpatin.cl\\\/tienda\\\/#organization\"},\"potentialAction\":[{\"@type\":\"SearchAction\",\"target\":{\"@type\":\"EntryPoint\",\"urlTemplate\":\"https:\\\/\\\/fullpatin.cl\\\/tienda\\\/?s={search_term_string}\"},\"query-input\":{\"@type\":\"PropertyValueSpecification\",\"valueRequired\":true,\"valueName\":\"search_term_string\"}}],\"inLanguage\":\"es\"},{\"@type\":\"Organization\",\"@id\":\"https:\\\/\\\/fullpatin.cl\\\/tienda\\\/#organization\",\"name\":\"FULL PAT\u00cdN\",\"url\":\"https:\\\/\\\/fullpatin.cl\\\/tienda\\\/\",\"logo\":{\"@type\":\"ImageObject\",\"inLanguage\":\"es\",\"@id\":\"https:\\\/\\\/fullpatin.cl\\\/tienda\\\/#\\\/schema\\\/logo\\\/image\\\/\",\"url\":\"https:\\\/\\\/fullpatin.cl\\\/tienda\\\/wp-content\\\/uploads\\\/2023\\\/12\\\/fp.png\",\"contentUrl\":\"https:\\\/\\\/fullpatin.cl\\\/tienda\\\/wp-content\\\/uploads\\\/2023\\\/12\\\/fp.png\",\"width\":2185,\"height\":363,\"caption\":\"FULL PAT\u00cdN\"},\"image\":{\"@id\":\"https:\\\/\\\/fullpatin.cl\\\/tienda\\\/#\\\/schema\\\/logo\\\/image\\\/\"},\"sameAs\":[\"https:\\\/\\\/www.instagram.com\\\/full_patin\\\/\"]}]}<\/script>\n<!-- \/ Yoast SEO plugin. -->","yoast_head_json":{"title":"PECHERA TOOR FORCE PLUS (ASIM\u00c9TRICA) - Full Pat\u00edn","robots":{"index":"index","follow":"follow","max-snippet":"max-snippet:-1","max-image-preview":"max-image-preview:large","max-video-preview":"max-video-preview:-1"},"canonical":"https:\/\/fullpatin.cl\/tienda\/producto\/pechera-toor-force-plus-asimetrica\/","og_locale":"es_ES","og_type":"article","og_title":"PECHERA TOOR FORCE PLUS (ASIM\u00c9TRICA) - Full Pat\u00edn","og_description":"Peto FORCE versi\u00f3n PLUS (+ 2 protecciones adicionales como foto), muy ergon\u00f3mico, flexible, alto nivel de protecci\u00f3n, utilizado por la mayor\u00eda de los porteros profesionales. En la foto se puede observar que el lado derecho cuenta con 2 protecciones adicionales, TOOR fue la primera marca en diferenciar de esta manera, \u201casim\u00e9trica\u201d, en la que la...","og_url":"https:\/\/fullpatin.cl\/tienda\/producto\/pechera-toor-force-plus-asimetrica\/","og_site_name":"Full Pat\u00edn","article_modified_time":"2026-04-07T15:31:41+00:00","og_image":[{"width":500,"height":500,"url":"https:\/\/fullpatin.cl\/tienda\/wp-content\/uploads\/2025\/06\/Diseno-sin-titulo-151.png","type":"image\/png"}],"twitter_card":"summary_large_image","twitter_misc":{"Tiempo de lectura":"1 minuto"},"schema":{"@context":"https:\/\/schema.org","@graph":[{"@type":"WebPage","@id":"https:\/\/fullpatin.cl\/tienda\/producto\/pechera-toor-force-plus-asimetrica\/","url":"https:\/\/fullpatin.cl\/tienda\/producto\/pechera-toor-force-plus-asimetrica\/","name":"PECHERA TOOR FORCE PLUS (ASIM\u00c9TRICA) - Full Pat\u00edn","isPartOf":{"@id":"https:\/\/fullpatin.cl\/tienda\/#website"},"primaryImageOfPage":{"@id":"https:\/\/fullpatin.cl\/tienda\/producto\/pechera-toor-force-plus-asimetrica\/#primaryimage"},"image":{"@id":"https:\/\/fullpatin.cl\/tienda\/producto\/pechera-toor-force-plus-asimetrica\/#primaryimage"},"thumbnailUrl":"https:\/\/fullpatin.cl\/tienda\/wp-content\/uploads\/2025\/06\/Diseno-sin-titulo-151.png","datePublished":"2025-06-18T17:23:00+00:00","dateModified":"2026-04-07T15:31:41+00:00","breadcrumb":{"@id":"https:\/\/fullpatin.cl\/tienda\/producto\/pechera-toor-force-plus-asimetrica\/#breadcrumb"},"inLanguage":"es","potentialAction":[{"@type":"ReadAction","target":["https:\/\/fullpatin.cl\/tienda\/producto\/pechera-toor-force-plus-asimetrica\/"]}]},{"@type":"ImageObject","inLanguage":"es","@id":"https:\/\/fullpatin.cl\/tienda\/producto\/pechera-toor-force-plus-asimetrica\/#primaryimage","url":"https:\/\/fullpatin.cl\/tienda\/wp-content\/uploads\/2025\/06\/Diseno-sin-titulo-151.png","contentUrl":"https:\/\/fullpatin.cl\/tienda\/wp-content\/uploads\/2025\/06\/Diseno-sin-titulo-151.png","width":500,"height":500},{"@type":"BreadcrumbList","@id":"https:\/\/fullpatin.cl\/tienda\/producto\/pechera-toor-force-plus-asimetrica\/#breadcrumb","itemListElement":[{"@type":"ListItem","position":1,"name":"Portada","item":"https:\/\/fullpatin.cl\/tienda\/"},{"@type":"ListItem","position":2,"name":"Tienda","item":"https:\/\/fullpatin.cl\/tienda\/tienda\/"},{"@type":"ListItem","position":3,"name":"PECHERA TOOR FORCE PLUS (ASIM\u00c9TRICA)"}]},{"@type":"WebSite","@id":"https:\/\/fullpatin.cl\/tienda\/#website","url":"https:\/\/fullpatin.cl\/tienda\/","name":"FULL PAT\u00cdN","description":"Tienda","publisher":{"@id":"https:\/\/fullpatin.cl\/tienda\/#organization"},"potentialAction":[{"@type":"SearchAction","target":{"@type":"EntryPoint","urlTemplate":"https:\/\/fullpatin.cl\/tienda\/?s={search_term_string}"},"query-input":{"@type":"PropertyValueSpecification","valueRequired":true,"valueName":"search_term_string"}}],"inLanguage":"es"},{"@type":"Organization","@id":"https:\/\/fullpatin.cl\/tienda\/#organization","name":"FULL PAT\u00cdN","url":"https:\/\/fullpatin.cl\/tienda\/","logo":{"@type":"ImageObject","inLanguage":"es","@id":"https:\/\/fullpatin.cl\/tienda\/#\/schema\/logo\/image\/","url":"https:\/\/fullpatin.cl\/tienda\/wp-content\/uploads\/2023\/12\/fp.png","contentUrl":"https:\/\/fullpatin.cl\/tienda\/wp-content\/uploads\/2023\/12\/fp.png","width":2185,"height":363,"caption":"FULL PAT\u00cdN"},"image":{"@id":"https:\/\/fullpatin.cl\/tienda\/#\/schema\/logo\/image\/"},"sameAs":["https:\/\/www.instagram.com\/full_patin\/"]}]}},"_links":{"self":[{"href":"https:\/\/fullpatin.cl\/tienda\/wp-json\/wp\/v2\/product\/2856","targetHints":{"allow":["GET"]}}],"collection":[{"href":"https:\/\/fullpatin.cl\/tienda\/wp-json\/wp\/v2\/product"}],"about":[{"href":"https:\/\/fullpatin.cl\/tienda\/wp-json\/wp\/v2\/types\/product"}],"replies":[{"embeddable":true,"href":"https:\/\/fullpatin.cl\/tienda\/wp-json\/wp\/v2\/comments?post=2856"}],"wp:featuredmedia":[{"embeddable":true,"href":"https:\/\/fullpatin.cl\/tienda\/wp-json\/wp\/v2\/media\/2857"}],"wp:attachment":[{"href":"https:\/\/fullpatin.cl\/tienda\/wp-json\/wp\/v2\/media?parent=2856"}],"wp:term":[{"taxonomy":"product_brand","embeddable":true,"href":"https:\/\/fullpatin.cl\/tienda\/wp-json\/wp\/v2\/product_brand?post=2856"},{"taxonomy":"product_cat","embeddable":true,"href":"https:\/\/fullpatin.cl\/tienda\/wp-json\/wp\/v2\/product_cat?post=2856"},{"taxonomy":"product_tag","embeddable":true,"href":"https:\/\/fullpatin.cl\/tienda\/wp-json\/wp\/v2\/product_tag?post=2856"}],"curies":[{"name":"wp","href":"https:\/\/api.w.org\/{rel}","templated":true}]}}