{"id":2585,"date":"2025-04-30T17:29:23","date_gmt":"2025-04-30T17:29:23","guid":{"rendered":"https:\/\/fullpatin.cl\/tienda\/?post_type=product&#038;p=2585"},"modified":"2026-01-06T17:42:56","modified_gmt":"2026-01-06T20:42:56","slug":"casco-bauer-re-akt-55","status":"publish","type":"product","link":"https:\/\/fullpatin.cl\/tienda\/producto\/casco-bauer-re-akt-55\/","title":{"rendered":"CASCO BAUER RE-AKT 55"},"content":{"rendered":"<p style=\"font-weight: 400;\">Un look cl\u00e1sico con comodidad en los lugares adecuados. El casco Bauer Hockey Re-Akt 55 cuenta con espuma de doble densidad para brindar un ajuste c\u00f3modo y constante juego tras juego.<\/p>\n<p style=\"font-weight: 400;\"><b><strong>Caracter\u00edsticas principales:<\/strong><\/b><\/p>\n<ul style=\"font-weight: 400;\">\n<li>Sistema de ajuste MONOLOCK: un clic, infinitas opciones de ajuste. Encuentra r\u00e1pidamente el ajuste perfecto sobre la marcha, en el vestuario o entre tiempos.<\/li>\n<li>Espuma de doble densidad: una capa interior suave agrega comodidad, mientras que la espuma t\u00e9cnica m\u00e1s cercana a la carcasa proporciona la protecci\u00f3n adecuada.<\/li>\n<\/ul>\n","protected":false},"excerpt":{"rendered":"<p>Un look cl\u00e1sico con comodidad en los lugares adecuados. El casco Bauer Hockey Re-Akt 55 cuenta con espuma de doble densidad para brindar un ajuste c\u00f3modo y constante juego tras juego. Caracter\u00edsticas principales: Sistema de ajuste MONOLOCK: un clic, infinitas opciones de ajuste. Encuentra r\u00e1pidamente el ajuste perfecto sobre la marcha, en el vestuario o&#8230;<\/p>\n","protected":false},"featured_media":4287,"comment_status":"open","ping_status":"closed","template":"","meta":{"_monsterinsights_skip_tracking":false,"_monsterinsights_sitenote_active":false,"_monsterinsights_sitenote_note":"","_monsterinsights_sitenote_category":0},"product_brand":[],"product_cat":[42],"product_tag":[126,157],"class_list":{"0":"post-2585","1":"product","2":"type-product","3":"status-publish","4":"has-post-thumbnail","6":"product_cat-cascos","7":"product_tag-bauer","8":"product_tag-portero","9":"pa_talla-l","10":"pa_talla-m","11":"pa_talla-s","13":"first","14":"instock","15":"taxable","16":"shipping-taxable","17":"purchasable","18":"product-type-variable"},"yoast_head":"<!-- This site is optimized with the Yoast SEO plugin v27.4 - https:\/\/yoast.com\/product\/yoast-seo-wordpress\/ -->\n<title>CASCO BAUER RE-AKT 55 - Full Pat\u00edn<\/title>\n<meta name=\"robots\" content=\"index, follow, max-snippet:-1, max-image-preview:large, max-video-preview:-1\" \/>\n<link rel=\"canonical\" href=\"https:\/\/fullpatin.cl\/tienda\/producto\/casco-bauer-re-akt-55\/\" \/>\n<meta property=\"og:locale\" content=\"es_ES\" \/>\n<meta property=\"og:type\" content=\"article\" \/>\n<meta property=\"og:title\" content=\"CASCO BAUER RE-AKT 55 - Full Pat\u00edn\" \/>\n<meta property=\"og:description\" content=\"Un look cl\u00e1sico con comodidad en los lugares adecuados. El casco Bauer Hockey Re-Akt 55 cuenta con espuma de doble densidad para brindar un ajuste c\u00f3modo y constante juego tras juego. Caracter\u00edsticas principales: Sistema de ajuste MONOLOCK: un clic, infinitas opciones de ajuste. Encuentra r\u00e1pidamente el ajuste perfecto sobre la marcha, en el vestuario o...\" \/>\n<meta property=\"og:url\" content=\"https:\/\/fullpatin.cl\/tienda\/producto\/casco-bauer-re-akt-55\/\" \/>\n<meta property=\"og:site_name\" content=\"Full Pat\u00edn\" \/>\n<meta property=\"article:modified_time\" content=\"2026-01-06T20:42:56+00:00\" \/>\n<meta property=\"og:image\" content=\"https:\/\/fullpatin.cl\/tienda\/wp-content\/uploads\/2025\/04\/reakt55_blanco.webp\" \/>\n\t<meta property=\"og:image:width\" content=\"944\" \/>\n\t<meta property=\"og:image:height\" content=\"944\" \/>\n\t<meta property=\"og:image:type\" content=\"image\/webp\" \/>\n<meta name=\"twitter:card\" content=\"summary_large_image\" \/>\n<meta name=\"twitter:label1\" content=\"Tiempo de lectura\" \/>\n\t<meta name=\"twitter:data1\" content=\"1 minuto\" \/>\n<script type=\"application\/ld+json\" class=\"yoast-schema-graph\">{\"@context\":\"https:\\\/\\\/schema.org\",\"@graph\":[{\"@type\":\"WebPage\",\"@id\":\"https:\\\/\\\/fullpatin.cl\\\/tienda\\\/producto\\\/casco-bauer-re-akt-55\\\/\",\"url\":\"https:\\\/\\\/fullpatin.cl\\\/tienda\\\/producto\\\/casco-bauer-re-akt-55\\\/\",\"name\":\"CASCO BAUER RE-AKT 55 - Full Pat\u00edn\",\"isPartOf\":{\"@id\":\"https:\\\/\\\/fullpatin.cl\\\/tienda\\\/#website\"},\"primaryImageOfPage\":{\"@id\":\"https:\\\/\\\/fullpatin.cl\\\/tienda\\\/producto\\\/casco-bauer-re-akt-55\\\/#primaryimage\"},\"image\":{\"@id\":\"https:\\\/\\\/fullpatin.cl\\\/tienda\\\/producto\\\/casco-bauer-re-akt-55\\\/#primaryimage\"},\"thumbnailUrl\":\"https:\\\/\\\/fullpatin.cl\\\/tienda\\\/wp-content\\\/uploads\\\/2025\\\/04\\\/reakt55_blanco.webp\",\"datePublished\":\"2025-04-30T17:29:23+00:00\",\"dateModified\":\"2026-01-06T20:42:56+00:00\",\"breadcrumb\":{\"@id\":\"https:\\\/\\\/fullpatin.cl\\\/tienda\\\/producto\\\/casco-bauer-re-akt-55\\\/#breadcrumb\"},\"inLanguage\":\"es\",\"potentialAction\":[{\"@type\":\"ReadAction\",\"target\":[\"https:\\\/\\\/fullpatin.cl\\\/tienda\\\/producto\\\/casco-bauer-re-akt-55\\\/\"]}]},{\"@type\":\"ImageObject\",\"inLanguage\":\"es\",\"@id\":\"https:\\\/\\\/fullpatin.cl\\\/tienda\\\/producto\\\/casco-bauer-re-akt-55\\\/#primaryimage\",\"url\":\"https:\\\/\\\/fullpatin.cl\\\/tienda\\\/wp-content\\\/uploads\\\/2025\\\/04\\\/reakt55_blanco.webp\",\"contentUrl\":\"https:\\\/\\\/fullpatin.cl\\\/tienda\\\/wp-content\\\/uploads\\\/2025\\\/04\\\/reakt55_blanco.webp\",\"width\":944,\"height\":944},{\"@type\":\"BreadcrumbList\",\"@id\":\"https:\\\/\\\/fullpatin.cl\\\/tienda\\\/producto\\\/casco-bauer-re-akt-55\\\/#breadcrumb\",\"itemListElement\":[{\"@type\":\"ListItem\",\"position\":1,\"name\":\"Portada\",\"item\":\"https:\\\/\\\/fullpatin.cl\\\/tienda\\\/\"},{\"@type\":\"ListItem\",\"position\":2,\"name\":\"Tienda\",\"item\":\"https:\\\/\\\/fullpatin.cl\\\/tienda\\\/tienda\\\/\"},{\"@type\":\"ListItem\",\"position\":3,\"name\":\"CASCO BAUER RE-AKT 55\"}]},{\"@type\":\"WebSite\",\"@id\":\"https:\\\/\\\/fullpatin.cl\\\/tienda\\\/#website\",\"url\":\"https:\\\/\\\/fullpatin.cl\\\/tienda\\\/\",\"name\":\"FULL PAT\u00cdN\",\"description\":\"Tienda\",\"publisher\":{\"@id\":\"https:\\\/\\\/fullpatin.cl\\\/tienda\\\/#organization\"},\"potentialAction\":[{\"@type\":\"SearchAction\",\"target\":{\"@type\":\"EntryPoint\",\"urlTemplate\":\"https:\\\/\\\/fullpatin.cl\\\/tienda\\\/?s={search_term_string}\"},\"query-input\":{\"@type\":\"PropertyValueSpecification\",\"valueRequired\":true,\"valueName\":\"search_term_string\"}}],\"inLanguage\":\"es\"},{\"@type\":\"Organization\",\"@id\":\"https:\\\/\\\/fullpatin.cl\\\/tienda\\\/#organization\",\"name\":\"FULL PAT\u00cdN\",\"url\":\"https:\\\/\\\/fullpatin.cl\\\/tienda\\\/\",\"logo\":{\"@type\":\"ImageObject\",\"inLanguage\":\"es\",\"@id\":\"https:\\\/\\\/fullpatin.cl\\\/tienda\\\/#\\\/schema\\\/logo\\\/image\\\/\",\"url\":\"https:\\\/\\\/fullpatin.cl\\\/tienda\\\/wp-content\\\/uploads\\\/2023\\\/12\\\/fp.png\",\"contentUrl\":\"https:\\\/\\\/fullpatin.cl\\\/tienda\\\/wp-content\\\/uploads\\\/2023\\\/12\\\/fp.png\",\"width\":2185,\"height\":363,\"caption\":\"FULL PAT\u00cdN\"},\"image\":{\"@id\":\"https:\\\/\\\/fullpatin.cl\\\/tienda\\\/#\\\/schema\\\/logo\\\/image\\\/\"},\"sameAs\":[\"https:\\\/\\\/www.instagram.com\\\/full_patin\\\/\"]}]}<\/script>\n<!-- \/ Yoast SEO plugin. -->","yoast_head_json":{"title":"CASCO BAUER RE-AKT 55 - Full Pat\u00edn","robots":{"index":"index","follow":"follow","max-snippet":"max-snippet:-1","max-image-preview":"max-image-preview:large","max-video-preview":"max-video-preview:-1"},"canonical":"https:\/\/fullpatin.cl\/tienda\/producto\/casco-bauer-re-akt-55\/","og_locale":"es_ES","og_type":"article","og_title":"CASCO BAUER RE-AKT 55 - Full Pat\u00edn","og_description":"Un look cl\u00e1sico con comodidad en los lugares adecuados. El casco Bauer Hockey Re-Akt 55 cuenta con espuma de doble densidad para brindar un ajuste c\u00f3modo y constante juego tras juego. Caracter\u00edsticas principales: Sistema de ajuste MONOLOCK: un clic, infinitas opciones de ajuste. Encuentra r\u00e1pidamente el ajuste perfecto sobre la marcha, en el vestuario o...","og_url":"https:\/\/fullpatin.cl\/tienda\/producto\/casco-bauer-re-akt-55\/","og_site_name":"Full Pat\u00edn","article_modified_time":"2026-01-06T20:42:56+00:00","og_image":[{"width":944,"height":944,"url":"https:\/\/fullpatin.cl\/tienda\/wp-content\/uploads\/2025\/04\/reakt55_blanco.webp","type":"image\/webp"}],"twitter_card":"summary_large_image","twitter_misc":{"Tiempo de lectura":"1 minuto"},"schema":{"@context":"https:\/\/schema.org","@graph":[{"@type":"WebPage","@id":"https:\/\/fullpatin.cl\/tienda\/producto\/casco-bauer-re-akt-55\/","url":"https:\/\/fullpatin.cl\/tienda\/producto\/casco-bauer-re-akt-55\/","name":"CASCO BAUER RE-AKT 55 - Full Pat\u00edn","isPartOf":{"@id":"https:\/\/fullpatin.cl\/tienda\/#website"},"primaryImageOfPage":{"@id":"https:\/\/fullpatin.cl\/tienda\/producto\/casco-bauer-re-akt-55\/#primaryimage"},"image":{"@id":"https:\/\/fullpatin.cl\/tienda\/producto\/casco-bauer-re-akt-55\/#primaryimage"},"thumbnailUrl":"https:\/\/fullpatin.cl\/tienda\/wp-content\/uploads\/2025\/04\/reakt55_blanco.webp","datePublished":"2025-04-30T17:29:23+00:00","dateModified":"2026-01-06T20:42:56+00:00","breadcrumb":{"@id":"https:\/\/fullpatin.cl\/tienda\/producto\/casco-bauer-re-akt-55\/#breadcrumb"},"inLanguage":"es","potentialAction":[{"@type":"ReadAction","target":["https:\/\/fullpatin.cl\/tienda\/producto\/casco-bauer-re-akt-55\/"]}]},{"@type":"ImageObject","inLanguage":"es","@id":"https:\/\/fullpatin.cl\/tienda\/producto\/casco-bauer-re-akt-55\/#primaryimage","url":"https:\/\/fullpatin.cl\/tienda\/wp-content\/uploads\/2025\/04\/reakt55_blanco.webp","contentUrl":"https:\/\/fullpatin.cl\/tienda\/wp-content\/uploads\/2025\/04\/reakt55_blanco.webp","width":944,"height":944},{"@type":"BreadcrumbList","@id":"https:\/\/fullpatin.cl\/tienda\/producto\/casco-bauer-re-akt-55\/#breadcrumb","itemListElement":[{"@type":"ListItem","position":1,"name":"Portada","item":"https:\/\/fullpatin.cl\/tienda\/"},{"@type":"ListItem","position":2,"name":"Tienda","item":"https:\/\/fullpatin.cl\/tienda\/tienda\/"},{"@type":"ListItem","position":3,"name":"CASCO BAUER RE-AKT 55"}]},{"@type":"WebSite","@id":"https:\/\/fullpatin.cl\/tienda\/#website","url":"https:\/\/fullpatin.cl\/tienda\/","name":"FULL PAT\u00cdN","description":"Tienda","publisher":{"@id":"https:\/\/fullpatin.cl\/tienda\/#organization"},"potentialAction":[{"@type":"SearchAction","target":{"@type":"EntryPoint","urlTemplate":"https:\/\/fullpatin.cl\/tienda\/?s={search_term_string}"},"query-input":{"@type":"PropertyValueSpecification","valueRequired":true,"valueName":"search_term_string"}}],"inLanguage":"es"},{"@type":"Organization","@id":"https:\/\/fullpatin.cl\/tienda\/#organization","name":"FULL PAT\u00cdN","url":"https:\/\/fullpatin.cl\/tienda\/","logo":{"@type":"ImageObject","inLanguage":"es","@id":"https:\/\/fullpatin.cl\/tienda\/#\/schema\/logo\/image\/","url":"https:\/\/fullpatin.cl\/tienda\/wp-content\/uploads\/2023\/12\/fp.png","contentUrl":"https:\/\/fullpatin.cl\/tienda\/wp-content\/uploads\/2023\/12\/fp.png","width":2185,"height":363,"caption":"FULL PAT\u00cdN"},"image":{"@id":"https:\/\/fullpatin.cl\/tienda\/#\/schema\/logo\/image\/"},"sameAs":["https:\/\/www.instagram.com\/full_patin\/"]}]}},"_links":{"self":[{"href":"https:\/\/fullpatin.cl\/tienda\/wp-json\/wp\/v2\/product\/2585","targetHints":{"allow":["GET"]}}],"collection":[{"href":"https:\/\/fullpatin.cl\/tienda\/wp-json\/wp\/v2\/product"}],"about":[{"href":"https:\/\/fullpatin.cl\/tienda\/wp-json\/wp\/v2\/types\/product"}],"replies":[{"embeddable":true,"href":"https:\/\/fullpatin.cl\/tienda\/wp-json\/wp\/v2\/comments?post=2585"}],"wp:featuredmedia":[{"embeddable":true,"href":"https:\/\/fullpatin.cl\/tienda\/wp-json\/wp\/v2\/media\/4287"}],"wp:attachment":[{"href":"https:\/\/fullpatin.cl\/tienda\/wp-json\/wp\/v2\/media?parent=2585"}],"wp:term":[{"taxonomy":"product_brand","embeddable":true,"href":"https:\/\/fullpatin.cl\/tienda\/wp-json\/wp\/v2\/product_brand?post=2585"},{"taxonomy":"product_cat","embeddable":true,"href":"https:\/\/fullpatin.cl\/tienda\/wp-json\/wp\/v2\/product_cat?post=2585"},{"taxonomy":"product_tag","embeddable":true,"href":"https:\/\/fullpatin.cl\/tienda\/wp-json\/wp\/v2\/product_tag?post=2585"}],"curies":[{"name":"wp","href":"https:\/\/api.w.org\/{rel}","templated":true}]}}